ded by 425?
310
What is the remainder when 664604 is divided by 161?
157
Calculate the remainder when 29049 is divided by 255.
234
What is the remainder when 1856 is divided by 69?
62
Calculate the remainder when 225630 is divided by 391.
23
What is the remainder when 4825 is divided by 1231?
1132
What is the remainder when 31574 is divided by 561?
158
Calculate the remainder when 111502 is divided by 138.
136
What is the remainder when 99645 is divided by 519?
516
What is the remainder when 10580 is divided by 10476?
104
What is the remainder when 2279 is divided by 328?
311
What is the remainder when 119738 is divided by 174?
26
Calculate the remainder when 5445 is divided by 157.
107
Calculate the remainder when 1349 is divided by 223.
11
Calculate the remainder when 54378 is divided by 555.
543
What is the remainder when 17663 is divided by 730?
143
What is the remainder when 2848 is divided by 197?
90
Calculate the remainder when 6824 is divided by 55.
4
What is the remainder when 26166 is divided by 101?
7
What is the remainder when 245497 is divided by 28?
21
Calculate the remainder when 921463 is divided by 307154.
1
Calculate the remainder when 853533 is divided by 213378.
21
What is the remainder when 3514 is divided by 591?
559
What is the remainder when 4670 is divided by 2307?
56
Calculate the remainder when 3386 is divided by 223.
41
Calculate the remainder when 813959 is divided by 236.
231
What is the remainder when 688 is divided by 373?
315
Calculate the remainder when 6802 is divided by 142.
128
Calculate the remainder when 692 is divided by 74.
26
What is the remainder when 1203 is divided by 373?
84
Calculate the remainder when 95207 is divided by 52.
47
Calculate the remainder when 322464 is divided by 507.
12
What is the remainder when 7393 is divided by 3553?
287
What is the remainder when 13775 is divided by 140?
55
Calculate the remainder when 5258 is divided by 1654.
296
What is the remainder when 7814 is divided by 435?
419
Calculate the remainder when 101839 is divided by 86.
15
Calculate the remainder when 74547 is divided by 22.
11
Calculate the remainder when 3716749 is divided by 250.
249
What is the remainder when 4387 is divided by 1428?
103
Calculate the remainder when 2057 is divided by 453.
245
Calculate the remainder when 16714 is divided by 696.
10
Calculate the remainder when 155512 is divided by 25913.
34
What is the remainder when 1267 is divided by 116?
107
What is the remainder when 7279 is divided by 90?
79
Calculate the remainder when 53097 is divided by 45.
42
Calculate the remainder when 2730720 is divided by 49.
48
What is the remainder when 1042 is divided by 327?
61
Calculate the remainder when 79467 is divided by 85.
77
Calculate the remainder when 40904 is divided by 254.
10
Calculate the remainder when 4344 is divided by 2163.
18
What is the remainder when 87513 is divided by 52?
49
What is the remainder when 20993 is divided by 20832?
161
What is the remainder when 3431 is divided by 1690?
51
What is the remainder when 1709073 is divided by 569682?
27
What is the remainder when 381480 is divided by 97?
76
Calculate the remainder when 4384 is divided by 1090.
24
What is the remainder when 33045 is divided by 687?
69
Calculate the remainder when 19668 is divided by 1222.
116
What is the remainder when 12815 is divided by 149?
1
Calculate the remainder when 37303 is divided by 2473.
208
What is the remainder when 492056 is divided by 4033?
30
Calculate the remainder when 747 is divided by 4.
3
Calculate the remainder when 40394 is divided by 182.
172
Calculate the remainder when 122846 is divided by 210.
206
What is the remainder when 2546 is divided by 788?
182
What is the remainder when 187374 is divided by 46838?
22
What is the remainder when 368761 is divided by 94?
93
What is the remainder when 927254 is divided by 82?
80
Calculate the remainder when 2481 is divided by 2433.
48
Calculate the remainder when 9566 is divided by 111.
20
Calculate the remainder when 809872 is divided by 25.
22
What is the remainder when 20807 is divided by 181?
173
What is the remainder when 235057 is divided by 20?
17
What is the remainder when 40980 is divided by 198?
192
Calculate the remainder when 46219 is divided by 11.
8
Calculate the remainder when 196059 is divided by 161.
122
What is the remainder when 1308 is divided by 565?
178
What is the remainder when 119738 is divided by 19955?
8
Calculate the remainder when 28791 is divided by 576.
567
What is the remainder when 13410 is divided by 13244?
166
What is the remainder when 1635 is divided by 127?
111
What is the remainder when 406322 is divided by 131?
91
What is the remainder when 223610 is divided by 145?
20
Calculate the remainder when 58305 is divided by 19394.
123
Calculate the remainder when 390728 is divided by 1852.
1808
Calculate the remainder when 29021 is divided by 246.
239
What is the remainder when 1219 is divided by 115?
69
What is the remainder when 67236 is divided by 1222?
26
Calculate the remainder when 2473 is divided by 251.
214
What is the remainder when 73400 is divided by 127?
121
What is the remainder when 27031 is divided by 351?
4
What is the remainder when 44546 is divided by 150?
146
What is the remainder when 3708 is divided by 55?
23
What is the remainder when 5978 is divided by 215?
173
Calculate the remainder when 2327 is divided by 385.
17
Calculate the remainder when 36039 is divided by 89.
83
Calculate the remainder when 3263 is divided by 297.
293
Calculate the remainder when 555191 is divided by 8.
7
Calculate the remainder when 839 is divided by 70.
69
What is the remainder when 56513 is divided by 73?
11
What is the remainder when 2360 is divided by 66?
50
Calculate the remainder when 78416 is divided by 39204.
8
What is the remainder when 3264 is divided by 253?
228
Calculate the remainder when 119036 is divided by 59464.
108
Calculate the remainder when 27376 is divided by 37.
33
Calculate the remainder when 6344 is divided by 45.
44
Calculate the remainder when 268927 is divided by 22.
21
What is the remainder when 14841 is divided by 108?
45
Calculate the remainder when 34148 is divided by 4.
0
What is the remainder when 1686 is divided by 416?
22
What is the remainder when 5493 is divided by 1819?
36
What is the remainder when 52406 is divided by 481?
458
Calculate the remainder when 110404 is divided by 6.
4
What is the remainder when 18601 is divided by 17?
3
What is the remainder when 49 is divided by 12?
1
What is the remainder when 3698 is divided by 916?
34
What is the remainder when 463241 is divided by 228?
173
Calculate the remainder when 30984 is divided by 123.
111
Calculate the remainder when 46832 is divided by 6.
2
Calculate the remainder when 131051 is divided by 652.
651
Calculate the remainder when 128366 is divided by 189.
35
Calculate the remainder when 26524 is divided by 6603.
112
Calculate the remainder when 4394 is divided by 55.
49
What is the remainder when 746389 is divided by 2001?
16
What is the remainder when 28122 is divided by 4016?
10
What is the remainder when 1395 is divided by 220?
75
What is the remainder when 7743 is divided by 41?
35
Calculate the remainder when 98052 is divided by 456.
12
Calculate the remainder when 5372 is divided by 49.
31
What is the remainder when 184835 is divided by 211?
210
What is the remainder when 68954 is divided by 102?
2
What is the remainder when 50766 is divided by 2?
0
Calculate the remainder when 3495 is divided by 4.
3
What is the remainder when 29063 is divided by 222?
203
Calculate the remainder when 6787 is divided by 33.
22
What is the remainder when 3638 is divided by 1818?
2
What is the remainder when 2312 is divided by 460?
12
What is the remainder when 12562 is divided by 1392?
34
What is the remainder when 82312 is divided by 13690?
172
What is the remainder when 193228 is divided by 48296?
44
What is the remainder when 10941 is divided by 164?
117
What is the remainder when 34805 is divided by 290?
5
Calculate the remainder when 5803 is divided by 829.
0
What is the remainder when 12609 is divided by 22?
3
What is the remainder when 885 is divided by 71?
33
What is the remainder when 166417 is divided by 5?
2
Cal